82
Calculate the greatest common divisor of 6090806 and 5680.
142
Calculate the highest common factor of 610948986 and 6.
6
What is the greatest common divisor of 1680 and 10948140?
420
Calculate the greatest common factor of 34069 and 923160.
1099
What is the greatest common divisor of 5187719 and 261602?
1081
What is the greatest common divisor of 34 and 98699025?
17
What is the greatest common factor of 552 and 59447985?
69
Calculate the greatest common divisor of 23772457 and 236.
59
What is the highest common factor of 9124 and 104937405?
2281
Calculate the greatest common factor of 243 and 8305947.
9
Calculate the greatest common factor of 70204294 and 2838.
86
Calculate the greatest common divisor of 695484 and 996.
12
What is the highest common divisor of 370120 and 6346?
38
What is the greatest common factor of 5122 and 682994?
26
What is the highest common factor of 15 and 46733655?
15
What is the highest common divisor of 302968332 and 1364?
124
Calculate the greatest common factor of 52 and 10810020.
52
What is the highest common factor of 121090 and 265130?
10
Calculate the highest common factor of 86 and 8257763.
43
What is the greatest common factor of 27216 and 3557232?
1008
What is the highest common factor of 7035993 and 963?
9
Calculate the greatest common factor of 277061804 and 634.
634
Calculate the highest common divisor of 328 and 147419887.
41
What is the highest common divisor of 103875 and 215?
5
Calculate the highest common divisor of 56287111 and 59416.
1061
Calculate the greatest common factor of 241638 and 20978.
34
What is the highest common factor of 441230046 and 114?
114
Calculate the greatest common divisor of 42 and 136251339.
21
What is the greatest common divisor of 23 and 2046611?
1
Calculate the highest common divisor of 24656208 and 592.
592
What is the highest common factor of 533 and 1335493?
41
Calculate the highest common factor of 355025 and 234575.
275
What is the greatest common factor of 10823229 and 8471?
43
Calculate the highest common factor of 160802 and 2380654.
3922
What is the greatest common factor of 233928 and 27588?
228
Calculate the greatest common factor of 1307844494 and 8468.
4234
What is the greatest common divisor of 21774143 and 2?
1
What is the highest common divisor of 6 and 15702558?
6
Calculate the greatest common factor of 491892866 and 2762.
2762
What is the greatest common divisor of 2652641105 and 7835?
7835
What is the greatest common divisor of 65078 and 132593922?
5006
Calculate the highest common factor of 17003 and 2044.
7
What is the highest common divisor of 1405 and 2502867?
281
What is the greatest common divisor of 28377 and 5388477?
3153
Calculate the greatest common factor of 560 and 801040.
80
What is the highest common factor of 15618 and 272029118?
5206
Calculate the highest common factor of 7 and 408716147.
7
Calculate the highest common divisor of 885011 and 1359.
151
What is the highest common factor of 68820963 and 2319?
2319
Calculate the highest common factor of 1188446 and 216114.
362
What is the greatest common factor of 139555 and 1881?
19
Calculate the greatest common divisor of 426123 and 711900.
1017
Calculate the greatest common divisor of 84217 and 14820603.
1589
What is the greatest common divisor of 216 and 1001153952?
216
What is the highest common divisor of 401265 and 6248889?
2169
What is the greatest common factor of 3563 and 1444033?
509
What is the highest common divisor of 518150 and 5246?
86
Calculate the highest common divisor of 714 and 22609167.
357
What is the highest common divisor of 3367 and 188811?
259
What is the highest common factor of 32530 and 1470?
10
What is the highest common divisor of 384 and 5414736?
48
Calculate the highest common factor of 52731789 and 711.
237
What is the greatest common factor of 619287752 and 856?
856
Calculate the highest common factor of 1570205 and 544.
17
What is the highest common divisor of 43 and 854023?
43
Calculate the highest common divisor of 3732 and 209303.
311
What is the highest common divisor of 3559806 and 144?
18
What is the highest common factor of 104 and 674479?
13
What is the greatest common factor of 1571970 and 543510?
1830
What is the greatest common factor of 23104440 and 31104?
1944
What is the greatest common divisor of 24 and 1901584?
8
What is the highest common factor of 59733408 and 15456?
672
Calculate the highest common divisor of 35558292 and 528.
132
Calculate the greatest common divisor of 14518578 and 444.
222
What is the highest common factor of 26120927 and 6993?
259
What is the greatest common factor of 552 and 361491?
69
What is the greatest common divisor of 361116630 and 324?
162
Calculate the greatest common divisor of 78 and 11220783.
3
Calculate the highest common factor of 42 and 204882258.
42
Calculate the greatest common factor of 139544 and 6920.
8
Calculate the highest common factor of 3192 and 2251053.
21
Calculate the highest common divisor of 4743 and 142825959.
4743
What is the highest common factor of 207047 and 1875046?
197
What is the greatest common divisor of 56 and 90250020?
28
Calculate the highest common factor of 20218078 and 2354.
214
What is the greatest common divisor of 28099782 and 38106?
522
What is the highest common divisor of 395246 and 14774?
166
Calculate the highest common factor of 490 and 247450070.
70
Calculate the greatest common factor of 22077200 and 1300.
100
What is the highest common divisor of 452543 and 61334?
91
What is the highest common factor of 1207306 and 8?
2
Calculate the highest common factor of 39267 and 111697163.
4363
What is the greatest common divisor of 48540 and 8805?
15
Calculate the highest common factor of 3062940 and 123540.
4260
What is the greatest common factor of 320637200 and 788?
788
What is the greatest common divisor of 854062 and 154?
22
What is the greatest common divisor of 14338769 and 1819?
17
Calculate the highest common factor of 57584 and 887832.
472
Calculate the greatest common factor of 75815925 and 100.
25
Calculate the greatest common factor of 68 and 801628.
4
What is the highest common factor of 3 and 811108482?
3
What is the highest common factor of 23296 and 180008?
8
What is the highest common factor of 1955625 and 135?
15
Calculate the greatest common factor of 8535 and 27795.
15
Calculate the highest common divisor of 50295 and 40782.
21
What is the highest common divisor of 749867 and 127499?
2161
Calculate the highest common factor of 75 and 17151945.
15
What is the highest common factor of 10280 and 156940?
20
Calculate the highest common factor of 120 and 4293336.
24
Calculate the highest common divisor of 4015 and 91740.
55
Calculate the greatest common factor of 35886981 and 676.
169
Calculate the highest common divisor of 45145693 and 10574.
5287
What is the highest common divisor of 62775 and 484375?
775
What is the highest common divisor of 96 and 8287572?
12
Calculate the highest common divisor of 70176 and 1275.
51
What is the greatest common divisor of 17114 and 711226?
398
What is the greatest common divisor of 15390 and 16682?
38
Calculate the greatest common factor of 111046738 and 536.
134
Calculate the greatest common divisor of 645 and 1057585.
215
Calculate the highest common divisor of 39600 and 15275205.
495
Calculate the greatest common divisor of 1640393 and 49.
1
Calculate the greatest common divisor of 11907 and 57813.
21
What is the greatest common factor of 13075683 and 265?
53
What is the greatest common divisor of 2999406 and 16?
2
What is the greatest common factor of 87 and 247281521?
29
What is the highest common factor of 39015189 and 76?
19
Calculate the greatest common factor of 1438972 and 17158.
46
Calculate the greatest common divisor of 265752 and 2088.
72
What is the highest common divisor of 4550 and 34931750?
350
What is the highest common divisor of 141496617 and 7767?
2589
What is the highest common divisor of 4017 and 503841?
39
Calculate the highest common divisor of 2 and 4330654.
2
Calculate the highest common divisor of 22526 and 168018216.
3218
Calculate the greatest common factor of 130 and 231906610.
130
What is the greatest common divisor of 464 and 13118788?
116
What is the greatest common factor o